260 (base 12) to base 4
-11220
What is 23723 (base 9) in base 16?
3e19
-4304 (base 7) to base 16
-5f3
What is 2111220 (base 4) in base 12?
5660
What is -3462 (base 10) in base 15?
-105c
What is 1334 (base 8) in base 7?
2064
Convert 312100 (base 4) to base 12.
2014
What is 3030 (base 7) in base 14?
550
-4624 (base 8) to base 15
-ad7
Convert -10102020102 (base 3) to base 16.
-106a9
-9730 (base 10) to base 15
-2d3a
Convert -580 (base 12) to base 5.
-11231
Convert 168a (base 11) to base 10.
2155
Convert aa9 (base 13) to base 2.
11100100101
Convert 9a11 (base 13) to base 4.
11033211
What is -313662 (base 7) in base 11?
-37793
What is -10110011100 (base 2) in base 11?
-1096
1351 (base 6) to base 15
18a
Convert -63433 (base 8) to base 4.
-12130123
2020120 (base 4) to base 11
6615
Convert -61 (base 10) to base 14.
-45
What is 1001000000110 (base 2) in base 14?
1978
-110110101011010 (base 2) to base 7
-144421
Convert -250 (base 13) to base 9.
-487
Convert 13114 (base 6) to base 9.
2651
What is -3246 (base 8) in base 16?
-6a6
What is -1120312 (base 4) in base 3?
-21210121
14a19 (base 14) to base 13
1a4cc
What is 13301 (base 4) in base 10?
497
Convert 1101304 (base 5) to base 4.
10220022
What is -2254 (base 10) in base 2?
-100011001110
What is 18d (base 15) in base 11?
2a6
What is 33001332 (base 4) in base 6?
1153010
What is -499 (base 15) in base 11?
-86a
Convert 1572 (base 9) to base 2.
10010101111
What is 66c (base 16) in base 11?
1265
43102 (base 5) to base 14
10b4
405 (base 8) to base 11
218
What is 280c (base 13) in base 3?
21220021
Convert -1312203 (base 4) to base 13.
-35b8
What is -199a5 (base 11) in base 6?
-332452
Convert -7936 (base 14) to base 11.
-1487a
What is 1621 (base 10) in base 15?
731
Convert -115 (base 15) to base 13.
-15b
What is 311632 (base 7) in base 15?
10ca7
Convert 2bd4 (base 15) to base 4.
2103100
What is -6173 (base 11) in base 15?
-265c
Convert 27087 (base 9) to base 5.
1041204
Convert -23054 (base 10) to base 8.
-55016
What is 101021 (base 3) in base 15?
137
-4497 (base 12) to base 16
-1db3
-617 (base 9) to base 4
-13312
What is 537 (base 11) in base 13?
3a8
What is -4312 (base 8) in base 4?
-203022
What is 5684 (base 12) in base 16?
2584
Convert 3b (base 16) to base 2.
111011
What is 689c (base 16) in base 7?
141035
Convert -22645 (base 7) to base 16.
-16b7
What is -1120 (base 9) in base 12?
-590
Convert -101220122 (base 3) to base 4.
-1330103
-83d (base 16) to base 14
-aa9
Convert -153 (base 12) to base 4.
-3033
Convert 45746 (base 9) to base 11.
20a06
Convert -2286 (base 11) to base 7.
-11512
Convert 2631 (base 7) to base 14.
518
62 (base 9) to base 4
320
What is -9b (base 12) in base 16?
-77
Convert 12740 (base 8) to base 9.
7612
What is 3506 (base 7) in base 8?
2400
What is 1440 (base 6) in base 13?
237
Convert -8653 (base 14) to base 3.
-1011211022
-9dc (base 14) to base 15
-8a8
What is -204232 (base 6) in base 8?
-40174
-3103 (base 5) to base 8
-623
120124 (base 5) to base 12
267a
210110002 (base 3) to base 8
36423
What is d3 (base 15) in base 6?
530
Convert a9 (base 13) to base 11.
117
211010 (base 5) to base 7
26265
Convert -12012331 (base 4) to base 16.
-61bd
Convert -35 (base 6) to base 7.
-32
What is 92 (base 13) in base 14?
87
Convert 1477 (base 14) to base 12.
2129
What is -14a (base 15) in base 7?
-601
What is -31168 (base 9) in base 8?
-50113
61704 (base 8) to base 14
9444
What is 1de (base 16) in base 13?
2aa
Convert 71b3 (base 14) to base 11.
13773
What is 1012022 (base 3) in base 12?
608
-164d4 (base 14) to base 5
-3241400
Convert -1201110 (base 4) to base 3.
-22112200
What is -11241 (base 5) in base 14?
-429
Convert 83815 (base 9) to base 8.
154051
What is 4d0 (base 16) in base 12?
868
What is -113332 (base 4) in base 6?
-11034
Convert -718e (base 16) to base 8.
-70616
What is 2806 (base 9) in base 5?
31422
What is 2435 (base 7) in base 3?
1020122
-1003403 (base 5) to base 12
-939b
What is 45b8 (base 12) in base 14?
2b92
What is -1001111001110 (base 2) in base 5?
-130240
Convert -7a43 (base 13) to base 11.
-11958
-345 (base 7) to base 9
-220
-20408 (base 9) to base 13
-617c
Convert -3eb4 (base 15) to base 11.
-a112
-11305 (base 8) to base 5
-123210
What is 283 (base 11) in base 3?
110100
What is 5034 (base 11) in base 12?
3a58
What is cd8 (base 14) in base 11?
1a01
-122012 (base 3) to base 13
-299
What is -1140 (base 6) in base 9?
-336
Convert -162 (base 8) to base 10.
-114
Convert -323315 (base 6) to base 2.
-110100000111111
-1202231 (base 4) to base 12
-37a5
Convert 5446 (base 8) to base 7.
11215
255 (base 6) to base 5
412
What is 2b3 (base 12) in base 10?
423
37c2 (base 14) to base 11
7386
Convert 1220a (base 11) to base 8.
42223
What is -3142 (base 5) in base 13?
-266
What is 22200221 (base 3) in base 8?
14307
What is 6ac (base 13) in base 8?
2204
Convert -372a (base 13) to base 4.
-1322002
Convert 1010110100 (base 2) to base 13.
413
What is -6460 (base 7) in base 13?
-1078
32233 (base 4) to base 14
4b5
Convert -6df (base 16) to base 7.
-5062
Convert -287 (base 12) to base 8.
-607
-52 (base 6) to base 12
-28
What is 20241 (base 5) in base 8?
2451
3348 (base 9) to base 12
1522
What is 25504 (base 6) in base 8?
7420
What is -30042 (base 5) in base 4?
-131221
Convert -781 (base 9) to base 13.
-3a3
What is 4920 (base 10) in base 11?
3773
Convert 122011011 (base 3) to base 14.
47b3
What is -575 (base 11) in base 4?
-22233
Convert 56a (base 14) to base 11.
897
What is 100313122 (base 4) in base 7?
405256
Convert -2a0 (base 14) to base 4.
-20110
3242 (base 5) to base 10
447
Convert 820 (base 9) to base 4.
22122
What is -150512 (base 6) in base 2?
-11100001101100
Convert 10111000001 (base 2) to base 16.
5c1
Convert -43300 (base 5) to base 8.
-5606
What is 21022002 (base 3) in base 7?
21341
Convert -6a3 (base 11) to base 7.
-2306
-702 (base 14) to base 7
-4002
17214 (base 8) to base 14
2bc8
Convert 1641 (base 11) to base 8.
4066
What is -cd6 (base 14) in base 8?
-4754
Convert -166 (base 16) to base 6.
-1354
-23010 (base 6) to base 2
-110010101110
122222 (base 3) to base 4
13211
What is -21102032 (base 4) in base 9?
-57145
a67 (base 12) to base 13
8cb
What is -11121 (base 5) in base 16?
-312
-c1 (base 15) to base 7
-346
132300 (base 5) to base 2
1010011001101
-112 (base 13) to base 7
-352
What is -12021 (base 5) in base 8?
-1566
Convert -111010 (base 3) to base 7.
-1014
Convert 1a7 (base 12) to base 3.
101001
14523 (base 6) to base 8
4463
45706 (base 9) to base 16
76fe
-1c4 (base 14) to base 12
-268
What is b85 (base 15) in base 14?
d3a
561 (base 13) to base 2
1110011100
What is 1075 (base 9) in base 11?
665
-1232221 (base 5) to base 11
-17094
What is c17 (base 15) in base 13?
1315
Convert -13143 (base 5) to base 7.
-3025
What is -2144 (base 8) in base 7?
-3164
What is 15877 (base 9) in base 12?
63a4
Convert -20001112 (base 3) to base 8.
-10477
10223133 (base 4) to base 7
106611
Convert -1250 (base 9) to base 15.
-426
What is 5a3 (base 11) in base 14?
394
What is a10 (base 16) in base 10?
2576
fd (base 16) to base 8
375
521 (base 7) to base 4
10010
What is 3ad (base 15) in base 14?
43c
6145 (base 9) to base 8
10620
-101001011 (base 2) to base 10
-331
-10000112102 (base 3) to base 10
-59438
336 (base 8) to base 5
1342
13142 (base 5) to base 14
54b
10001010101 (base 2) to base 4
101111
Convert -fe (base 16) to base 13.
-167
What is -1a0 (base 12) in base 13?
-174
What is -12297 (base 13) in base 6?
-414413
What is -5a2d (base 15) in base 11?
-13446
Convert -890a (base 11) to base 10.
-11747
Convert 302330 (base 4) to base 6.
23032
Convert 56529 (base 10) to base 9.
85480
What is -113213 (base 7) in base 10?
-20345
11111001000 (base 2) to base 12
11a0
-76eb (base 15) to base 4
-12021230
Convert 190 (base 11) to base 7.
433
Convert -31 (base 9) to base 7.
-40
1011010101110110 (base 2) to base 16
b576
1329 (base 10) to base 2
10100110001
-3184 (base 10) to base 13
-15ac
-2112122 (base 3) to base 6
-12325
Convert 745 (base 8) to base 2.
111100101
What is -20541 (base 7) in base 16?
-13d4
What is 41736 (base 9) in base 12?
13b59
121202010 (base 3) to base 9
17663
What is 74ef (base 16) in base 3?
1112001201
Convert -1023342 (base 6) to base 3.
-2112121222
3622 (base 10) to base 13
1858
What is 2130 (base 4) in